{"id":2361,"date":"2024-01-31T20:27:21","date_gmt":"2024-01-31T19:27:21","guid":{"rendered":"https:\/\/vitorio.space\/?post_type=product&#038;p=2361"},"modified":"2024-01-31T22:46:00","modified_gmt":"2024-01-31T21:46:00","slug":"ordenadora-vt-mk280","status":"publish","type":"product","link":"https:\/\/vitorio.space\/?product=ordenadora-vt-mk280","title":{"rendered":"Orde\u00f1adora VT-MK280"},"content":{"rendered":"<h2><strong>Orde\u00f1adora<\/strong><\/h2>\n<p style=\"text-align: left;\">La orde\u00f1adora VT-MK280 es un equipo port\u00e1til que realiza el proceso de orde\u00f1o r\u00e1pido, limpio y eficaz. Esta dise\u00f1ado para acceder f\u00e1cilmente a la ubre mejorando la visibilidad y permitiendo un buen posicionamiento de la vaca.<\/p>\n<p><b>Caracter\u00edsticas de la orde\u00f1adora:<\/b><br \/>\n1. Econ\u00f3mica, confiable y duradera.<br \/>\n2. F\u00e1cil de arrancar, duradero, de alta calidad.<br \/>\n3. Cuerpo de la bomba hecho de aleaci\u00f3n de aluminio liviana pero resistente.<br \/>\n4. Sellado mec\u00e1nico cer\u00e1mico de alta calidad.<br \/>\n5. Certificaci\u00f3n CE, CSA, EPA, ISO9001:2000 aprobada 2023.<br \/>\n6. Un a\u00f1o o 500 horas de garant\u00eda.<br \/>\nCalidad confiable, precio razonable, servicio deseable.<\/p>\n<h2><strong>Caracter\u00edsticas\u00a0<\/strong><\/h2>\n<p>Rendimiento de bomba: 350 L\/min<br \/>\nGrado de vac\u00edo: 50 KPa<br \/>\nPotencia del motor: 1.5 KW\/ 2 HP<br \/>\nVoltaje: 220 V\/ 50 HZ<br \/>\nRelaci\u00f3n de pulsaci\u00f3n: 53\/47 y 60\/40<br \/>\nCantidad de tazas: 1 Piezas<br \/>\nCantidad poz\u00f3n de goma: 4 Piezas<\/p>\n","protected":false},"excerpt":{"rendered":"<p>Orde\u00f1adora La orde\u00f1adora VT-MK280 es un equipo port\u00e1til que realiza el proceso de orde\u00f1o r\u00e1pido, limpio y eficaz. Esta dise\u00f1ado para acceder f\u00e1cilmente a la ubre mejorando la visibilidad y permitiendo un buen posicionamiento de la vaca. Caracter\u00edsticas de la orde\u00f1adora: 1. Econ\u00f3mica, confiable y duradera. 2. F\u00e1cil de arrancar, duradero, de alta calidad. 3. [&hellip;]<\/p>\n","protected":false},"featured_media":2362,"comment_status":"open","ping_status":"closed","template":"","meta":{"inline_featured_image":false},"product_cat":[87],"product_tag":[],"class_list":{"0":"post-2361","1":"product","2":"type-product","3":"status-publish","4":"has-post-thumbnail","6":"product_cat-ordenadora","8":"first","9":"instock","10":"shipping-taxable","11":"product-type-simple"},"_links":{"self":[{"href":"https:\/\/vitorio.space\/index.php?rest_route=\/wp\/v2\/product\/2361","targetHints":{"allow":["GET"]}}],"collection":[{"href":"https:\/\/vitorio.space\/index.php?rest_route=\/wp\/v2\/product"}],"about":[{"href":"https:\/\/vitorio.space\/index.php?rest_route=\/wp\/v2\/types\/product"}],"replies":[{"embeddable":true,"href":"https:\/\/vitorio.space\/index.php?rest_route=%2Fwp%2Fv2%2Fcomments&post=2361"}],"wp:featuredmedia":[{"embeddable":true,"href":"https:\/\/vitorio.space\/index.php?rest_route=\/wp\/v2\/media\/2362"}],"wp:attachment":[{"href":"https:\/\/vitorio.space\/index.php?rest_route=%2Fwp%2Fv2%2Fmedia&parent=2361"}],"wp:term":[{"taxonomy":"product_cat","embeddable":true,"href":"https:\/\/vitorio.space\/index.php?rest_route=%2Fwp%2Fv2%2Fproduct_cat&post=2361"},{"taxonomy":"product_tag","embeddable":true,"href":"https:\/\/vitorio.space\/index.php?rest_route=%2Fwp%2Fv2%2Fproduct_tag&post=2361"}],"curies":[{"name":"wp","href":"https:\/\/api.w.org\/{rel}","templated":true}]}}